et f be m(-4). Suppose -3*k = q - 129, 2*k + 3*q - f = 29. Calculate the remainder when k is divided by 25.
19
Let z(x) = -x + 3. What is the remainder when 172/(58/1218 + (-249)/(-63)) is divided by z(-5)?
3
Let b be (-3)/2*2328/(-9). Suppose 0*k - 374 = 2*g + 4*k, -2*g - b = -3*k. Let s = 342 + g. What is the remainder when s is divided by 38?
37
Calculate the remainder when 2176 is divided by (-1)/(9 + -3) - 7/(-42)*25.
0
Calculate the remainder when 1550 is divided by 1/8 - (-25)/(-40)*609/(-35).
10
Suppose 19*k - 110044 - 13950 = 6*k. What is the remainder when k is divided by 203?
200
Let z = 601 + -601. Suppose z = -5*g + 3*y + 257, g + g - 78 = -5*y. Calculate the remainder when g is divided by 14.
7
Let o(d) = -d - 37. Let h be o(-39). Calculate the remainder when 62 is divided by (-14)/h - (-20 - 6).
5
Let l be (-3)/4 + -21*(-2327)/(-156). Let c = 342 + l. What is the remainder when 557 is divided by c?
25
Let d(b) = 3*b**3 + 29*b**2 - 48*b + 32. Calculate the remainder when 372 is divided by d(-11).
68
Suppose -3*y = y - 132. Suppose -4*n + 4*b = -48, 0 = 5*n - 2*b + 15 - 69. What is the remainder when y is divided by n?
3
Suppose -1405663 + 234927 = -106*h + 529504. What is the remainder when h is divided by 13?
11
Let h = 40552 - 40540. Calculate the remainder when 34547 is divided by h.
11
Suppose -v = 86*v - 348. Let r(j) = -j**3 - 5*j**2 + 4*j + 9. Calculate the remainder when r(-7) is divided by v.
3
Suppose -9487 = -13*k + 4709. Calculate the remainder when k is divided by 16.
4
Let m = -149 + 153. Suppose -m*q + 150 = 5*k + q, -k = -5*q - 36. Let r = -15 + k. What is the remainder when 44 is divided by r?
12
Let x(w) = -w**3 - 8*w**2 - 2*w + 5. Let i = 24 + -20. Suppose 8*t + 32 = i*t. What is the remainder when 60 is divided by x(t)?
18
Let k = 23 + -11. Let j = -33553 - -33744. What is the remainder when j is divided by k?
11
Suppose 7*o + 4 = 8*o. Suppose o*c - 32 = 12. Suppose 0 = -2*k + c - 1. Calculate the remainder when k is divided by 3.
2
Let o(q) be the first derivative of q**3/3 - q**2 - 16*q + 2. Let n be ((-66)/(-4) - 8) + (-4)/(-8). What is the remainder when o(n) is divided by 12?
11
Suppose -u = -6*h + 936, -h + h + 2*u = 0. What is the remainder when 2015 is divided by h?
143
Suppose 29*v + f + 74 = 31*v, -f = -5*v + 182. What is the remainder when 24 is divided by (-9)/v - (1 - (-37)/(-4))?
0
Let m(d) = -d**3 - 10*d - 8. Let r be m(-7). Suppose 0 = -7*f - 2*f + r. Let h(p) = 22*p**2 + 2*p - 1. What is the remainder when f is divided by h(1)?
22
Calculate the remainder when (-18)/3 + (337 - 107) is divided by 43.
9
Let u = 155 - 139. Suppose 0 = -u*s + 10*s + 360. Calculate the remainder when s is divided by 8.
4
Let j be (-1 - 7)*6/(-12). Suppose -x = j*o + 3*x - 32, 16 = 5*o - 3*x. Suppose -25 = -5*l, 48 = o*r + 2*l - 72. What is the remainder when 62 is divided by r?
18
Let k(v) = -2*v**2 - 15*v - 12. Let d be k(-7). Let u(a) = -19*a - 29. Let x be u(d). Suppose c = -20 + x. What is the remainder when c is divided by 13?
7
Suppose -50*c + 84*c - 34 = 0. Suppose b = 4*b - 36. What is the remainder when b is divided by c?
0
What is the remainder when 181 is divided by (-2 - (5 - 2)) + (-31 + 19 - -43)?
25
Let p = 35 + -30. Let y(n) = n**2 - 3*n - 6. Let v be y(p). Suppose v*b + 20 = 0, 0 = -x - 0*x + b + 77. Calculate the remainder when x is divided by 25.
22
Suppose -94*n - 169 = -263. What is the remainder when 49 is divided by n?
0
Suppose 51 = i - 48. What is the remainder when 13 + -1*2 - 2 is divided by 3*(-44)/i*(-21)/4?
2
Let f(p) be the first derivative of -p**4/4 + 3*p**3 + 5*p**2 + 18*p - 231. Calculate the remainder when 125 is divided by f(10).
17
Let w(r) = -3*r**2 + 15*r + 26. Calculate the remainder when 495 is divided by w(0).
1
Suppose 0 = 3*t - t - 24. Let z = -206 - 316. What is the remainder when ((-8)/24)/(3/z) is divided by t?
10
Suppose -2*y + 20 = -0*y. What is the remainder when ((-9840)/(-70))/12 + 2/7 is divided by y?
2
Let n(m) = m**2 + 1. Let o(z) = z**3 + 4*z**2 + 7*z + 9. Let j(g) = 3*n(g) + o(g). Calculate the remainder when (16 + 0)*(-1349)/(-284) is divided by j(-5).
22
Suppose -272 = 509*x - 526*x. Calculate the remainder when 252 is divided by x.
12
Let z(v) = -73*v**2 - 15*v - 54. Let d(w) = 37*w**2 + 8*w + 27. Let l(r) = 5*d(r) + 2*z(r). What is the remainder when l(-3) is divided by 11?
7
Let k(o) = -5*o**3 + 2*o**2 + 3*o - 6. Let v be (-41)/(3/3 - 2). Suppose -7 = -l - 4*a, -v = -2*l + a - 0*a. Calculate the remainder when k(-2) is divided by l.
17
Suppose -572*t + 64563 = -512708 - 506097. What is the remainder when t is divided by 1890?
4
Let o(b) = 348*b + 3951. Suppose -63 = -2*p + 61. What is the remainder when o(-11) is divided by p?
61
What is the remainder when (15/10*(-5 - -3))/((-2)/222) is divided by 39?
21
Let i be 1 - (-23 + -2) - (7 - 5). Suppose 0*b - b = -2*g + i, 2*b + 9 = g. What is the remainder when 77 is divided by g?
12
Suppose 0 = -4*b + h + 83, 13 = b + 3*h - 11. Let w be (1710/(-75))/(6/(-20)). Let c = 156 - w. What is the remainder when c is divided by b?
17
Suppose -2*r = 2*r - 12. Suppose 0*z + z = -r*z. Suppose 0 = 5*i + 4*v - 23, 4*i + z*v - v - 31 = 0. What is the remainder when 22 is divided by i?
1
Suppose 0 = 71*y - 89*y + 18. Calculate the remainder when 276 is divided by (-11 - -36) + 1*3/y.
24
Suppose 22*h - 5*h = -12*h + 90538. What is the remainder when h is divided by 125?
122
Let u be (78/(-10))/(1/(-45)). Let v = -286 + u. Calculate the remainder when v is divided by 23.
19
Let l = 2127 - 2120. Calculate the remainder when 42 is divided by l.
0
Suppose 107*s - 80*s = 140940. Suppose j + 59*j - s = 0. What is the remainder when j is divided by 12?
3
Let h = -35 + 60. Let y = 29 - h. What is the remainder when y is divided by (-6)/(-4) + (-29)/58?
0
Let s(q) = 2*q - 1. Let h be 14/(-35) - (-206)/(-10). Let b(f) = 2*f**2 + 52*f + 254. What is the remainder when b(h) is divided by s(3)?
4
Suppose 162*g - 1131 + 321 = 0. Let b = 1396 + -714. What is the remainder when b is divided by g?
2
Let j = -130 - -140. Suppose f = j*f + 450. What is the remainder when 106 is divided by (10/10)/(-2 - f/24)?
10
Suppose -5*z = -2 - 13. Suppose -z*c = -1037 + 107. Calculate the remainder when c is divided by 13.
11
Let k(z) = -834*z - 7607. What is the remainder when k(-15) is divided by 63?
52
Let h(q) = 83*q + 178. What is the remainder when (-3)/(((-3)/(-94))/(-1)) is divided by h(-2)?
10
Let o = 288 - 262. What is the remainder when (3/2)/(o/936) is divided by 30?
24
Suppose 0 = -4*a - 30 + 158. Suppose a = o + 9. Calculate the remainder when ((71 - (-8723)/(-122))*152/(-7))/((-2)/(-21)) is divided by o.
22
Let v = 361 - 296. Suppose 0 = -67*n + v*n + 24. Calculate the remainder when 129 is divided by n.
9
Let b(v) = v + 45. Suppose -5*y - 7 = -q, 2*q + 2*q - 5*y - 103 = 0. Suppose 4*p - 16 = q. What is the remainder when b(-24) is divided by p?
9
Let x(m) = m**2 + m - 44. Let d be x(-7). What is the remainder when 305 is divided by 9/(d + -1) - -25?
19
Let b(g) = 6*g - 98. Let x be b(19). Let v(w) = w**3 - 15*w**2 - 12*w + 11. What is the remainder when 524 is divided by v(x)?
74
Suppose 12*a - 32691 - 40184 = 7237. What is the remainder when a is divided by 17?
12
Suppose 3*i - 7*i - 20 = 0. Let t(o) = o**2 + 10*o + 12. Let p be t(i). Calculate the remainder when 2/p - (-1354)/13 is divided by 36.
32
Suppose 2*u + 1589*r = 1587*r + 130, -2*u = 4*r - 128. Let j = -40 + 233. What is the remainder when j is divided by u?
61
What is the remainder when ((-3090)/5356 + 1 + (-24)/26)*-3774 is divided by 50?
37
Let d(p) be the second derivative of p**4/12 - 7*p**3/6 + 74*p**2 - 2*p - 9. Calculate the remainder when d(0) is divided by 54.
40
Let m = 3 + -1. What is the remainder when m/(-9) + 5476/18 is divided by 345/414 - (-602)/12?
49
Suppose -r - 2 = -1, -3*p - 5*r = -10. Let q(u) = -7*u - 450. What is the remainder when q(-65) is divided by p?
0
Suppose -35490 = -14*s - 7546. Calculate the remainder when s is divided by 5.
1
Suppose -4*u = -2*p - 392, 2*u + 3*p - 83 = 81. Calculate the remainder when u is divided by 7.
3
Suppose 4*f + 34 - 67 = 383. What is the remainder when 1389 is divided by f?
37
What is the remainder when -1 + 6/(29